{"id":2732,"date":"2022-01-03T16:23:28","date_gmt":"2022-01-03T16:23:28","guid":{"rendered":"https:\/\/www.benediktiner-kollegium.ch\/?page_id=2732"},"modified":"2024-09-28T13:48:55","modified_gmt":"2024-09-28T13:48:55","slug":"kirchenrechtliche-voraussetzungen-fuer-einen-eintritt-in-ein-kloster","status":"publish","type":"page","link":"https:\/\/www.benediktiner-kollegium.ch\/?page_id=2732","title":{"rendered":"Kirchenrechtliche Voraussetzungen f\u00fcr einen Eintritt in ein Kloster"},"content":{"rendered":"\t\t<div data-elementor-type=\"wp-page\" data-elementor-id=\"2732\" class=\"elementor elementor-2732\" data-elementor-post-type=\"page\">\n\t\t\t\t\t\t<section class=\"elementor-section elementor-top-section elementor-element elementor-element-703027d elementor-section-boxed elementor-section-height-default elementor-section-height-default\" data-id=\"703027d\" data-element_type=\"section\" data-e-type=\"section\" data-settings=\"{&quot;background_background&quot;:&quot;classic&quot;}\">\n\t\t\t\t\t\t<div class=\"elementor-container elementor-column-gap-default\">\n\t\t\t\t\t<div class=\"elementor-column elementor-col-100 elementor-top-column elementor-element elementor-element-b853e58\" data-id=\"b853e58\" data-element_type=\"column\" data-e-type=\"column\">\n\t\t\t<div class=\"elementor-widget-wrap elementor-element-populated\">\n\t\t\t\t\t\t<div class=\"elementor-element elementor-element-b76eccf elementor-widget elementor-widget-heading\" data-id=\"b76eccf\" data-element_type=\"widget\" data-e-type=\"widget\" data-widget_type=\"heading.default\">\n\t\t\t\t\t<h2 class=\"elementor-heading-title elementor-size-default\">Kirchenrechtliche Voraussetzungen f\u00fcr einen Eintritt in ein Kloster<\/h2>\t\t\t\t<\/div>\n\t\t\t\t<div class=\"elementor-element elementor-element-b3c76d7 elementor-widget elementor-widget-heading\" data-id=\"b3c76d7\" data-element_type=\"widget\" data-e-type=\"widget\" data-widget_type=\"heading.default\">\n\t\t\t\t\t<h2 class=\"elementor-heading-title elementor-size-default\">Fr. Paul Richard Schneider, OSB, Kloster Muri-Gries<\/h2>\t\t\t\t<\/div>\n\t\t\t\t<div class=\"elementor-element elementor-element-538bd8a elementor-widget elementor-widget-spacer\" data-id=\"538bd8a\" data-element_type=\"widget\" data-e-type=\"widget\" data-widget_type=\"spacer.default\">\n\t\t\t\t\t\t\t<div class=\"elementor-spacer\">\n\t\t\t<div class=\"elementor-spacer-inner\"><\/div>\n\t\t<\/div>\n\t\t\t\t\t\t<\/div>\n\t\t\t\t<div class=\"elementor-element elementor-element-4c5bff5 elementor-widget elementor-widget-text-editor\" data-id=\"4c5bff5\" data-element_type=\"widget\" data-e-type=\"widget\" data-widget_type=\"text-editor.default\">\n\t\t\t\t\t\t\t\t\t<p>Das \u00fcbergeordnete Ordensrecht enth\u00e4lt verschiedene Vorgaben f\u00fcr einen Klostereintritt. Das Eigenrecht der einzelnen Orden und Kl\u00f6ster kann zudem weitergehende Bestimmungen enthalten. Die wichtigsten geregelten Sachverhalte werden im Folgenden kurz angesprochen:<\/p>\n<ol>\n<li><strong>Konfessionszugeh\u00f6rigkeit<\/strong><\/li>\n<\/ol>\n<p>Angehende Ordensleute m\u00fcssen r\u00f6misch-katholisch getauft und gefirmt sein. Sie d\u00fcrfen sich vom katholischen Glauben nicht losgesagt haben und keiner kirchenrechtlichen Sanktion unterliegen.<\/p>\n<ol start=\"2\">\n<li><strong>Alter<\/strong><\/li>\n<\/ol>\n<p>Das Ordensrecht schreibt f\u00fcr den Beginn des Noviziates die Vollendung des 17. Lebensjahrs vor (c. 643 \u00a7 1 CIC\/83). Diese Alterslimite von 18 Jahren stimmt in vielen L\u00e4ndern mit der zivilrechtlichen Vollj\u00e4hrigkeit \u00fcberein. Obergrenzen hingegen setzt das Ordensrecht nicht. Gleichwohl setzen verschiedene Institute Obergrenzen fest. Dabei lassen sie sich von begr\u00fcndeten \u00dcberlegungen leiten, wie die Offenheit und Flexibilit\u00e4t zur \u00c4nderung der gewohnten Lebensweise und Lebensumgebung und die Sinnhaftigkeit einer mehrj\u00e4hrigen Ausbildungsinvestition bei h\u00f6herem Alter. <strong>Die Benediktusregel kennt bez\u00fcglich des Alters keine Begrenzung.<\/strong> Vielmehr gilt es, bei allen Interessenten die Ernsthaftigkeit der religi\u00f6s motivierten Neuausrichtung des Lebens zu pr\u00fcfen und die Integrationsf\u00e4higkeit einer Person in die bestehende Gemeinschaft zu beurteilen.<\/p>\n<ol start=\"3\">\n<li><strong>Gesundheit<\/strong><\/li>\n<\/ol>\n<p>F\u00fcr ein Leben in einer monastischen Gemeinschaft muss ein Mensch psychisch gesund und k\u00f6rperlich imstande sein, am kl\u00f6sterlichen Alltagsleben im eigenen Kloster teilzunehmen und es selbst\u00e4ndig zu bew\u00e4ltigen (c. 643 \u00a7 2 CIC\/83).<\/p>\n<ol start=\"4\">\n<li><strong>Anlagen \/ Reife<\/strong><\/li>\n<\/ol>\n<p>Der Kandidat muss den sp\u00fcrbaren Willen, die intellektuellen F\u00e4higkeiten und das religi\u00f6se Interesse haben, um sich erfolgreich auf eine Ausbildung zum Ordensmann einzulassen. Er muss zudem kommunikations-, gemeinschafts- und integrationsf\u00e4hig sowie ausgeglichen sein.<\/p>\n<ol start=\"5\">\n<li><strong>Zivilstand<\/strong><\/li>\n<\/ol>\n<p>Ordenskandidaten m\u00fcssen im Grundsatz unverheiratet sein. Dies betrifft jede Art von g\u00fcltiger Ehe, ob sakramental oder zivilrechtlich, ob nicht- oder halbchristlich. Kirchlich g\u00fcltig verheiratete, zivilrechtlich aber geschiedene Personen k\u00f6nnen aber um eine Dispens des Apostolischen Stuhles ansuchen. Aufgrund der bisherigen Praxis setzt eine Dispens voraus, dass die zivilrechtliche Scheidung rechtskr\u00e4ftig ist, dass die Versorgungspflichten gegen\u00fcber der Ehepartnerin und den Kindern erf\u00fcllt sind und dass die allf\u00e4llig vorhandenen Kinder vollj\u00e4hrig sind und ihre Ausbildung abgeschlossen haben. Zudem m\u00fcssen die Ehepartnerin und die Kinder mit dem Ordenseintritt von Mann und Vater einverstanden sein (Meier MKCIC 1984 ff. 643,2).<\/p>\n<ol start=\"6\">\n<li><strong>Schulden<\/strong><\/li>\n<\/ol>\n<p>Die Bestimmung von c. 644 CIC\/83 setzt beim Kandidaten geordnete finanzielle Verh\u00e4ltnisse voraus. Als solcher darf er nicht \u00fcberschuldet sein. Die Verantwortlichen werden einen Kandidaten sicherlich auf diese Frage ansprechen und gegebenenfalls kl\u00e4ren, wie diese Schulden entstanden sind und getilgt werden k\u00f6nnen. W\u00e4hrend Konsumschulden vor einem Eintritt abzutragen oder sicherzustellen sind, werden heute h\u00e4ufiger im Raum stehende Studienkredite sicherlich anders zu beurteilen sein. Keinesfalls aber darf ein Klostereintritt dazu erwogen werden, sich der Verantwortung fr\u00fcherer Handlungen zu entziehen.<\/p>\n<ol start=\"7\">\n<li><strong>Versorgungspflichten<\/strong><\/li>\n<\/ol>\n<p>Auch Unverheiratete k\u00f6nnen gegen\u00fcber Eltern, Geschwistern oder Patenkindern aus christlicher Verantwortung Versorgungspflichten haben. In solchen F\u00e4llen sollte trotz fehlender kirchenrechtlicher Regelung eine L\u00f6sung aufgezeigt werden k\u00f6nnen, wer allenfalls anstelle des Eintretenden diese Pflichten \u00fcbernimmt (Meier MKCIC 1984 ff. 644,2).<strong>&nbsp;<\/strong><\/p>\n<ol start=\"8\">\n<li><strong>Bindung an ein anderes Institut<\/strong><\/li>\n<\/ol>\n<p>Wenn ein Kandidat bereits Mitglied eines Institutes des geweihten Lebens oder einer Gesellschaft des apostolischen Lebens ist, kommen die entsprechenden kirchenrechtlichen Bestimmungen f\u00fcr einen \u00dcbertritt zur Anwendung (c. 684 CIC\/83).<\/p>\n<ol start=\"9\">\n<li><strong>Weltkleriker<\/strong><\/li>\n<\/ol>\n<p>Der \u00dcbertritt eines Diakons oder Priesters in eine Ordensgemeinschaft bedarf der Zustimmung des Bischofs der Di\u00f6zese, in die er inkardiniert ist (c. 644 CIC\/83).<\/p>\n<ol start=\"10\">\n<li><strong>Entscheidungsfreiheit<\/strong><\/li>\n<\/ol>\n<p>Der Entscheid zu einem Leben im Kloster muss vom Interessenten frei und unbeeinflusst erfolgen wie auch der Aufnahmeentscheid des Institutes. So d\u00fcrfen auf den Kandidaten seitens seines Umfeldes und seitens der Mitglieder der aufnehmenden Gemeinschaft kein Druck und keine spirituelle Beeinflussung ausge\u00fcbt werden. Umgekehrt muss auch vom Institut ein unbeeinflusster Entscheid zum Eintritt vorliegen (c. 643 \u00a7 1 3\u00b0 CIC\/83).&nbsp;<\/p>\n<p><span style=\"font-size: 16px;\">Stand 29.9.2024 \/ PS<\/span><\/p>\t\t\t\t\t\t\t\t<\/div>\n\t\t\t\t\t<\/div>\n\t\t<\/div>\n\t\t\t\t\t<\/div>\n\t\t<\/section>\n\t\t\t\t<\/div>\n\t\t","protected":false},"excerpt":{"rendered":"<p>Kirchenrechtliche Voraussetzungen f\u00fcr einen Eintritt in ein Kloster Fr. Paul Richard Schneider, OSB, Kloster Muri-Gries Das \u00fcbergeordnete Ordensrecht enth\u00e4lt verschiedene Vorgaben f\u00fcr einen Klostereintritt. Das Eigenrecht der einzelnen Orden und Kl\u00f6ster kann zudem weitergehende Bestimmungen enthalten. Die wichtigsten geregelten Sachverhalte werden im Folgenden kurz angesprochen: Konfessionszugeh\u00f6rigkeit Angehende Ordensleute m\u00fcssen r\u00f6misch-katholisch getauft und gefirmt sein. Sie [&hellip;]<\/p>\n","protected":false},"author":1,"featured_media":0,"parent":2465,"menu_order":1,"comment_status":"closed","ping_status":"closed","template":"","meta":{"site-sidebar-layout":"no-sidebar","site-content-layout":"page-builder","ast-site-content-layout":"default","site-content-style":"default","site-sidebar-style":"default","ast-global-header-display":"","ast-banner-title-visibility":"","ast-main-header-display":"","ast-hfb-above-header-display":"","ast-hfb-below-header-display":"","ast-hfb-mobile-header-display":"","site-post-title":"disabled","ast-breadcrumbs-content":"","ast-featured-img":"disabled","footer-sml-layout":"","ast-disable-related-posts":"","theme-transparent-header-meta":"","adv-header-id-meta":"","stick-header-meta":"","header-above-stick-meta":"","header-main-stick-meta":"","header-below-stick-meta":"","astra-migrate-meta-layouts":"default","ast-page-background-enabled":"default","ast-page-background-meta":{"desktop":{"background-color":"","background-image":"","background-repeat":"repeat","background-position":"center center","background-size":"auto","background-attachment":"scroll","background-type":"","background-media":"","overlay-type":"","overlay-color":"","overlay-opacity":"","overlay-gradient":""},"tablet":{"background-color":"","background-image":"","background-repeat":"repeat","background-position":"center center","background-size":"auto","background-attachment":"scroll","background-type":"","background-media":"","overlay-type":"","overlay-color":"","overlay-opacity":"","overlay-gradient":""},"mobile":{"background-color":"","background-image":"","background-repeat":"repeat","background-position":"center center","background-size":"auto","background-attachment":"scroll","background-type":"","background-media":"","overlay-type":"","overlay-color":"","overlay-opacity":"","overlay-gradient":""}},"ast-content-background-meta":{"desktop":{"background-color":"var(--ast-global-color-5)","background-image":"","background-repeat":"repeat","background-position":"center center","background-size":"auto","background-attachment":"scroll","background-type":"","background-media":"","overlay-type":"","overlay-color":"","overlay-opacity":"","overlay-gradient":""},"tablet":{"background-color":"var(--ast-global-color-5)","background-image":"","background-repeat":"repeat","background-position":"center center","background-size":"auto","background-attachment":"scroll","background-type":"","background-media":"","overlay-type":"","overlay-color":"","overlay-opacity":"","overlay-gradient":""},"mobile":{"background-color":"var(--ast-global-color-5)","background-image":"","background-repeat":"repeat","background-position":"center center","background-size":"auto","background-attachment":"scroll","background-type":"","background-media":"","overlay-type":"","overlay-color":"","overlay-opacity":"","overlay-gradient":""}},"footnotes":""},"class_list":["post-2732","page","type-page","status-publish","hentry"],"_links":{"self":[{"href":"https:\/\/www.benediktiner-kollegium.ch\/index.php?rest_route=\/wp\/v2\/pages\/2732","targetHints":{"allow":["GET"]}}],"collection":[{"href":"https:\/\/www.benediktiner-kollegium.ch\/index.php?rest_route=\/wp\/v2\/pages"}],"about":[{"href":"https:\/\/www.benediktiner-kollegium.ch\/index.php?rest_route=\/wp\/v2\/types\/page"}],"author":[{"embeddable":true,"href":"https:\/\/www.benediktiner-kollegium.ch\/index.php?rest_route=\/wp\/v2\/users\/1"}],"replies":[{"embeddable":true,"href":"https:\/\/www.benediktiner-kollegium.ch\/index.php?rest_route=%2Fwp%2Fv2%2Fcomments&post=2732"}],"version-history":[{"count":20,"href":"https:\/\/www.benediktiner-kollegium.ch\/index.php?rest_route=\/wp\/v2\/pages\/2732\/revisions"}],"predecessor-version":[{"id":7401,"href":"https:\/\/www.benediktiner-kollegium.ch\/index.php?rest_route=\/wp\/v2\/pages\/2732\/revisions\/7401"}],"up":[{"embeddable":true,"href":"https:\/\/www.benediktiner-kollegium.ch\/index.php?rest_route=\/wp\/v2\/pages\/2465"}],"wp:attachment":[{"href":"https:\/\/www.benediktiner-kollegium.ch\/index.php?rest_route=%2Fwp%2Fv2%2Fmedia&parent=2732"}],"curies":[{"name":"wp","href":"https:\/\/api.w.org\/{rel}","templated":true}]}}